a - 2. Suppose 4*r + 56 = -4*j, -4*j - 20 = 2*r - r. Let p = -10 - r. Give f(p).
4
Let r(n) = n. Let d be -4*((-9)/(-6))/(-3). Suppose 5*j + 107 = 132. Suppose 0 = 3*w - d*p - 14, 3*p = j*w - 0*p - 22. Determine r(w).
2
Suppose -k - 4*k = 0. Let f = -2 - k. Let n be (f/5)/((-8)/40). Let c(l) = l**2 - l - 2. What is c(n)?
0
Let s be 10*(10/(-4))/(-5). Suppose -2*f + s*c - 14 = 0, f + 2*c - 23 = -3*c. Suppose f*q + 27 - 9 = 0. Let o(y) = y**3 + 5*y**2 - 3*y + 2. Give o(q).
-16
Let g(a) = 8 + 16*a**2 - 2*a - 2*a - a**3 + a - 9*a**2. Give g(7).
-13
Let n(r) = r**3 + 7*r**2 + 5*r - 1. Let x(g) = 4 + g - 4 + 6 - 7. Let a be x(-5). What is n(a)?
5
Let d = -6 - -10. Suppose -34 = -l - 4*b, 2*b = -2*l + b + 47. Let s(y) = -9*y - 12*y + l*y. Determine s(d).
4
Let f(g) = -2*g**3 - g**2 - g - 3. Let k(j) = 3*j**3 + 2*j**2 + 3*j + 5. Let t(i) = 5*f(i) + 3*k(i). Suppose -501 = 5*v - 516. What is t(v)?
-6
Let s(w) = -w**3 - w**2 + 2*w + 2. Let i be s(0). Let j(k) = -2*k**2 - 1 + 3*k + 1 + i. Suppose 7 = 3*l - 2*y, l + 5*y = -2*l + 14. Give j(l).
-7
Let k = -1 - -2. Let i(q) be the second derivative of -5*q**3 - 11054*q. Give i(k).
-30
Let p(u) be the second derivative of 7*u**4/12 - u**3/2 + u**2/2 + u + 3. Let g(n) = 3*n - 14*n**2 + 6*n**2 - 2 + 1. Let o(t) = -5*g(t) - 6*p(t). What is o(2)?
-3
Let u(i) = i**3 + 2*i**2 + i + 1. Let r(a) = 12*a**2 + a - 1. Let d be r(1). Suppose 135 = 12*b + 15. Let q = b - d. Calculate u(q).
-1
Let r(f) = -f**3 - 4*f**2 + 5*f. Suppose 6*y = 5*y + 2. Suppose -n + 10*p + 30 = 5*p, -2*p = y*n. Suppose -w - 5 = 5*k + 3*w, 4*k = n*w - 45. What is r(k)?
0
Let g(w) = -w + 8. Let l be 36/(-8) + 3/6. Let c be 24/12 + l/(-1). Calculate g(c).
2
Suppose -2 - 14 = 4*y. Let s(j) be the first derivative of -j**3/3 - 3*j**2 - 5*j + 427. Determine s(y).
3
Let d(x) = 3*x**2 - 2. Suppose 4*l = -v + 16, 0 = -4*v + 5*l - 4 + 47. Suppose -3*k = j - 4, -j - 2*j = -3*k + v. Suppose -k*g - 3 = 1. Calculate d(g).
10
Let p be 8/3 + 1/3. Let v(u) = -1 + p*u**2 + 3*u**2 - u + 3*u. Let w = 325 + -324. What is v(w)?
7
Let j = 30 + -29. Let l(w) = -24*w + 3. Let v(i) = i + 1. Let q(g) = j*l(g) - 2*v(g). Give q(-1).
27
Let m(o) = -16*o**2 - 6*o + 17*o**2 + 7*o - 3*o - 28. What is m(7)?
7
Let n(m) = -37*m - 7. Let u(y) = 13*y + 2. Let t(j) = -6*n(j) - 17*u(j). What is t(-5)?
3
Let j(p) be the second derivative of -p**4/12 - p**3/3 - 3*p**2/2 + 64*p. Determine j(-3).
-6
Let t(o) = 30*o**2 + 7*o + 3. Let m(p) = -10*p**2 - 2*p - 1. Suppose 8*a - 4 = 12. Let k(b) = a*t(b) + 7*m(b). Let x be -1 - (-3 - (3 + -6)). Give k(x).
-11
Let p(g) = 4*g**2 + 6*g. Let u be p(2). Suppose 0 = -5*n - 8 - 12, -2*w = 4*n + u. Let y(f) = f**2 + 6*f + 3. Give y(w).
3
Suppose -13*c + 24 + 2 = 0. Let m(i) = i**3 - 2*i**2 - i - 1. Calculate m(c).
-3
Let b(z) = 5*z - 1 + 8*z + 6*z - 14*z. Let o(j) = 2*j + 37. Let r be o(-20). What is b(r)?
-16
Let k(r) = 8*r**3 - 13*r**2 + 6*r + 18. Let m(z) = 11*z**3 - 20*z**2 + 9*z + 27. Let w(o) = -7*k(o) + 5*m(o). Give w(-9).
-18
Let g = -22 + 23. Let c be g/(-3) - 72/27. Let f(b) = b**3 + 3*b**2 + 2*b - 2. Give f(c).
-8
Let h be 1 + 2 - (0 - -2). Let u(i) = i**3 - 9*i**2 + 8*i + 19. Let m be u(8). Let g(b) = -12*b + m*b - 9*b. Calculate g(h).
-2
Let t(q) = 5 - 550*q + 1110*q - 553*q - q**2. Calculate t(7).
5
Let l(w) = -w**3 + 3*w + 1. Let n = 11 - -2. Suppose -n = 6*a - 1. Let b be a - (-4 - (-16)/4). Give l(b).
3
Suppose 0 = 2*q + 9 + 1. Let f(w) = -5*w**3 + 6*w**2 + 4*w + 6. Let n(s) = 6*s**3 - 6*s**2 - 4*s - 7. Let j(c) = -7*f(c) - 6*n(c). Give j(q).
-5
Let z(l) = -6*l - 1. Let j(q) = 7*q + 21. Let a(y) = 1. Let d(v) = 21*a(v) - j(v). Let g(t) = 3*d(t) - 4*z(t). What is g(4)?
16
Let r(h) = -h**3 + 4*h**2 - 8*h + 2*h**3 + 10 + 6*h + 0*h**3. Determine r(-5).
-5
Suppose 11*z = 56 + 65. Suppose -4 = -5*s + z. Let y(r) = -r + 2. Give y(s).
-1
Let g(f) = f**3 + 4*f**2 - f + 16. Let p be g(-5). Let w = p + 4. Let k(r) = -r**3 - r**2 - r + 6. Determine k(w).
6
Let u(i) = i**3 + i**2 + i - 5. Let j be u(0). Let a(o) = o + 6. What is a(j)?
1
Let x(v) = -2*v - 24. Let i be x(-10). Let h = -5 - i. Let s(u) = -12*u**3 - u**2 - u. What is s(h)?
12
Let x(z) = 16*z**3 - 51*z**2 - 11*z - 13. Let t(g) = -3*g**3 + 10*g**2 + 2*g + 3. Let u(q) = 11*t(q) + 2*x(q). Give u(8).
7
Let f(h) = -4*h - 3. Let t(w) = -w. Suppose 0 = -5*n + 10*n - 5. Let r(l) = n*f(l) - 5*t(l). Give r(5).
2
Let z(q) = -6*q - 8*q**2 + 20*q + 59 + 2*q + 2*q + 9*q**2. Determine z(-13).
-6
Suppose 3*n - 4*s + 6*s = 15, 24 = 5*n + 3*s. Let f(k) be the second derivative of -1/2*k**3 + 2*k + 0 + 1/6*k**4 - k**2. Determine f(n).
7
Let x(o) be the third derivative of -o**7/2520 - o**6/90 - o**5/20 - 13*o**4/24 - 10*o**2. Let f(n) be the second derivative of x(n). What is f(-5)?
9
Let w = -50 - -83. Let f = 31 - w. Let a(d) = 2*d**3 - 3*d - 2. Give a(f).
-12
Let s = 1 - -2. Let t(w) = 32*w + 11. Let y = 69 + -86. Let p(b) = 11*b + 4. Let f(v) = y*p(v) + 6*t(v). Give f(s).
13
Let m = -44 + 45. Suppose -6*s = -2*s - 20. Suppose d - s = -m. Let y(q) = 4*q - 4. Determine y(d).
12
Let f = 225 - 223. Let y(i) = -i**3 - i**2 + 2*i - 3. Calculate y(f).
-11
Let i(r) = 2*r**3 + 2*r**2 + 0*r**2 - 4*r**2 + 1. Suppose -35 - 109 = -9*f. Let k be 1*(-4)/f*2*2. Give i(k).
-3
Let h be 715/195 - 1/(-3). Let g(a) = -2*a - 4. Determine g(h).
-12
Let v(o) = 3 - o + 23 - 20 + 4*o. Suppose -5*i + 0*i + 35 = 0. Give v(i).
27
Let s(x) = 2*x**2 + 11*x - 7. Let j(u) = -u**2 - 10*u + 8. Let n(c) = -3*j(c) - 2*s(c). What is n(7)?
-3
Let o(c) = 11*c - 7. Let w(h) = 13*h - 6. Let s(q) = 6*o(q) - 5*w(q). Give s(10).
-2
Let b be 10/12*1*(-2)/(-10). Let d(x) be the second derivative of -1/2*x**2 - b*x**3 + 0 - 2*x. What is d(3)?
-4
Let u = 29 + -32. Let c(x) = 3*x - 13. Let n(z) be the third derivative of -z**4/12 + 7*z**3/6 - 7*z**2. Let v(d) = u*c(d) - 5*n(d). What is v(-6)?
-2
Let d(z) = 2*z**3 - 4*z**2 + 4*z - 3. Let s be d(2). Let h = 51 - 49. Let p(f) = -5 + f**h + 0*f**2 - f + f - 3*f. Determine p(s).
5
Let g(z) = -9*z**3 - 15*z**2 - 6*z - 4. Let q(x) = 13*x**3 + 21*x**2 + 9*x + 6. Let b(n) = 7*g(n) + 5*q(n). What is b(-2)?
-20
Let t(m) be the second derivative of 10*m + 0*m**3 + 0 - 2*m**2 - 1/20*m**5 + 5/12*m**4. Let n be t(5). Let l(u) = -u**3 - 3*u**2 + 2*u - 5. Determine l(n).
3
Let t(o) = 6*o**2 + 78*o + 4. Let v be t(-13). Let x(l) = 3*l**2 - 7*l - 5. Give x(v).
15
Let x(z) = z**3 - 2*z**2 + 2*z - 2. Suppose -16 + 1 = -5*s. Let u(m) = -m**2 + 6*m - 6. Let d be u(s). Calculate x(d).
13
Let f(x) be the second derivative of 3*x**5/20 + x**2 + 14*x - 3. What is f(-2)?
-22
Let o(p) be the first derivative of p**4 - 2*p**3/3 + p + 3. Let f be o(1). Suppose 4*h + 6 = 5*u, 4*u + f*h = -h - 24. Let d(n) = -6*n - 1. What is d(u)?
11
Let w(l) be the first derivative of -8*l - 2*l**2 - 1/2*l**3 + 1/20*l**5 - 10 + 1/4*l**4. Let b(t) be the first derivative of w(t). What is b(-4)?
-8
Suppose 5*b - 8 = -3*g, -4*b + 20 = 3*g - 5*b. Let w(u) = -3*u + 2 + 19 - 16 + 4*u - u**2 + 4*u. Calculate w(g).
-1
Suppose 2*n + 5 = -4*q - 5, 0 = q + 1. Let d(i) = -i**2 + 1. Let s(l) = 2*l**2 - 5*l - 4. Let w(x) = n*d(x) - s(x). What is w(-2)?
-5
Let o(b) = b**3 - 21*b**2 - 50*b + 88. Let u be o(23). Let z(y) = -y**3 - 3*y**2 + 5*y - 4. What is z(u)?
-8
Let o(d) = 4 - d**3 + 6 - 6*d**2 - 6. Suppose 0 = 2*u - u + 5. Let p = -11 - u. Determine o(p).
4
Let p be (-4)/(-10) + (-14)/10. Let q = -55 + 64. Let o(b) = -8 + q - b - 1 - 2*b**2. Calculate o(p).
-1
Let c(w) = 32*w**2 - 1. Let o = -720 - -721. Calculate c(o).
31
Let p(l) = -l**2 - l + 14. Suppose 8 = -5*c - 12. Let g(d) = d**2 + d - 13. Let v(h) = c*g(h) - 3*p(h). What is v(0)?
10
Let b be 3/63*6 - ((-330)/70 + 3). Let l(i) be the second derivative of -i**5/20 + i**4/12 - i**3/2 + 3*i**2/2 + i. Calculate l(b).
-7
Let u(n) = -n**2 + 2. Suppose 3*v = -23 + 32. Give u(v).
-7
Let n(h) be the third derivative of -h**5/30 - 19*h**4/12 - 5*h**3 - 21*h**2. Let f be n(-18). Let j(p) = -p + 5. Give j(f).
-1
Let h(n) = 2*n**2 - 25*n - 24. Suppose -1 = -f - 2*x + 20, 3*x = 3*f - 27. Calculate h(f).
-11
Let k(o) = -3*o - 12*o**2 - 8*o**2 - 7*o**2 + 22*o**2 - 4 + o**3 + 6*o. Determine k(4).
-8
Suppose 5*p - 20 = -4*n, -2*p - 2 = n - 10. Suppose 5*x + 16 = -4*u, -2*u - p*x = -0*x + 14. Let y(g) = -3*g**2 + g 